of 1295 and 840?
35
Calculate the greatest common factor of 528 and 44.
44
Calculate the greatest common divisor of 880 and 1265.
55
Calculate the highest common factor of 312 and 19500.
156
Calculate the greatest common factor of 143 and 39.
13
What is the highest common factor of 179 and 2?
1
What is the highest common divisor of 750 and 30?
30
What is the greatest common factor of 51 and 27?
3
What is the highest common divisor of 2361 and 9?
3
Calculate the greatest common factor of 9775 and 17.
17
Calculate the highest common divisor of 49 and 1505.
7
What is the greatest common divisor of 3132 and 928?
116
What is the greatest common factor of 1080 and 160?
40
Calculate the greatest common divisor of 114 and 57.
57
What is the greatest common divisor of 376 and 1081?
47
Calculate the greatest common divisor of 325 and 225.
25
What is the greatest common factor of 8 and 426?
2
Calculate the highest common divisor of 1242 and 1323.
27
Calculate the greatest common factor of 74 and 74.
74
Calculate the greatest common factor of 51 and 69.
3
Calculate the greatest common factor of 309 and 5356.
103
Calculate the highest common divisor of 76 and 38.
38
What is the greatest common divisor of 2463 and 3?
3
What is the highest common divisor of 54 and 23022?
18
Calculate the highest common factor of 1261 and 388.
97
Calculate the greatest common divisor of 70 and 2912.
14
Calculate the greatest common divisor of 9 and 44604.
9
What is the highest common divisor of 32 and 1568?
32
Calculate the highest common factor of 1095 and 15.
15
Calculate the greatest common divisor of 2142 and 51.
51
Calculate the greatest common divisor of 72 and 384.
24
What is the highest common divisor of 465 and 93?
93
What is the greatest common factor of 159 and 1325?
53
Calculate the greatest common factor of 60 and 140.
20
What is the highest common factor of 2880 and 5?
5
What is the highest common divisor of 10 and 2390?
10
What is the highest common factor of 19 and 1691?
19
What is the highest common factor of 228 and 16?
4
What is the greatest common factor of 39 and 4407?
39
What is the highest common factor of 60 and 30?
30
What is the highest common factor of 105 and 4515?
105
Calculate the highest common factor of 5420 and 30.
10
Calculate the greatest common factor of 112 and 812.
28
Calculate the greatest common factor of 81 and 639.
9
Calculate the greatest common factor of 910 and 140.
70
What is the highest common divisor of 158 and 2765?
79
What is the highest common divisor of 66 and 7689?
33
What is the highest common divisor of 189 and 7?
7
Calculate the greatest common factor of 122 and 4.
2
Calculate the highest common factor of 6 and 8682.
6
Calculate the greatest common divisor of 612 and 36.
36
What is the greatest common factor of 126 and 594?
18
Calculate the highest common factor of 95 and 1615.
95
What is the greatest common factor of 4972 and 12?
4
What is the highest common factor of 7 and 26103?
7
What is the greatest common factor of 35 and 305?
5
Calculate the greatest common divisor of 2 and 29.
1
What is the highest common factor of 429 and 39?
39
What is the greatest common factor of 561 and 66?
33
What is the highest common factor of 8 and 180?
4
Calculate the highest common divisor of 388 and 97.
97
What is the greatest common factor of 2200 and 200?
200
Calculate the greatest common factor of 565 and 45.
5
Calculate the greatest common divisor of 18 and 162.
18
What is the highest common divisor of 52 and 364?
52
What is the greatest common divisor of 408 and 5032?
136
What is the greatest common divisor of 144 and 768?
48
Calculate the highest common factor of 95 and 1235.
95
Calculate the highest common factor of 20 and 40.
20
Calculate the greatest common divisor of 2772 and 108.
36
What is the highest common factor of 425 and 187?
17
What is the greatest common divisor of 77 and 671?
11
Calculate the highest common divisor of 462 and 210.
42
What is the greatest common factor of 2 and 314?
2
Calculate the greatest common factor of 63 and 567.
63
What is the highest common factor of 23 and 943?
23
Calculate the greatest common factor of 2628 and 216.
36
Calculate the greatest common factor of 96 and 102.
6
What is the highest common divisor of 15 and 9105?
15
What is the highest common divisor of 29375 and 235?
235
What is the greatest common factor of 16 and 272?
16
Calculate the greatest common divisor of 9 and 27.
9
Calculate the greatest common divisor of 5617 and 137.
137
Calculate the highest common factor of 3223 and 11.
11
What is the greatest common factor of 2162 and 46?
46
Calculate the highest common divisor of 47 and 799.
47
What is the greatest common divisor of 117 and 9789?
39
What is the highest common divisor of 576 and 21?
3
Calculate the highest common factor of 442 and 119.
17
Calculate the highest common factor of 2998 and 2.
2
What is the greatest common divisor of 5 and 631?
1
What is the highest common divisor of 50 and 1975?
25
What is the highest common factor of 66 and 33?
33
What is the highest common divisor of 34384 and 64?
16
What is the highest common factor of 299 and 184?
23
What is the greatest common factor of 2850 and 798?
114
What is the highest common factor of 174 and 57?
3
What is the greatest common divisor of 4 and 76?
4
What is the highest common factor of 4816 and 392?
56
What is the highest common divisor of 2231 and 69?
23
Calculate the greatest common factor of 10795 and 5.
5
What is the highest common factor of 553 and 511?
7
Calculate the greatest common divisor of 1518 and 46.
46
Calculate the highest common divisor of 1100 and 2250.
50
Calculate the highest common factor of 56 and 70.
14
What is the highest common factor of 21119 and 49?
49
Calculate the highest common divisor of 390 and 234.
78
What is the greatest common factor of 15 and 75?
15
Calculate the greatest common factor of 34 and 2.
2
Calculate the greatest common divisor of 7 and 63.
7
Calculate the greatest common divisor of 296 and 8.
8
Calculate the greatest common factor of 144 and 1968.
48
What is the greatest common factor of 555 and 1295?
185
Calculate the greatest common divisor of 22 and 110.
22
What is the highest common divisor of 51 and 10489?
17
What is the highest common divisor of 54 and 342?
18
Calculate the greatest common divisor of 19 and 304.
19
What is the greatest common factor of 8 and 472?
8
What is the greatest common divisor of 325 and 25?
25
Calculate the greatest common divisor of 1288 and 46.
46
Calculate the highest common factor of 3723 and 73.
73
What is the greatest common divisor of 26 and 91?
13
What is the highest common divisor of 20 and 1460?
20
Calculate the greatest common divisor of 7 and 3668.
7
What is the greatest common divisor of 230 and 322?
46
Calculate the greatest common factor of 4 and 142.
2
What is the greatest common factor of 19 and 5947?
19
What is the greatest common factor of 104 and 65?
13
Calculate the greatest common factor of 13 and 17771.
13
What is the highest common divisor of 5375 and 430?
215
Calculate the highest common factor of 1431 and 81.
27
What is the greatest common divisor of 1060 and 80?
20
Calculate the highest common divisor of 459 and 189.
27
Calculate the greatest common divisor of 19 and 17993.
19
What is the greatest common factor of 9158 and 57?
19
Calculate the highest common divisor of 36 and 2940.
12
What is the greatest common factor of 23 and 1219?
23
What is the highest common factor of 35555 and 65?
65
Calculate the greatest common factor of 913 and 249.
83
What is the highest common factor of 2880 and 10?
10
Calculate the highest common divisor of 650 and 20.
10
What is the greatest common divisor of 8614 and 708?
118
Calculate the greatest common factor of 88 and 33.
11
Calculate the greatest common divisor of 14 and 609.
7
What is the highest common factor of 4774 and 248?
62
Calculate the highest common divisor of 1965 and 15.
15
What is the greatest common divisor of 54 and 6399?
27
What is the highest common divisor of 48 and 108?
12
Calculate the highest common factor of 1970 and 50.
10
Calculate the highest common divisor of 8967 and 245.
49
Calculate the greatest common divisor of 45 and 185.
5
Calculate 